{"id":3,"date":"2021-12-01T10:54:30","date_gmt":"2021-12-01T09:54:30","guid":{"rendered":"https:\/\/server938379.nazwa.pl\/wordpress\/wpn_Podejdz_do_niej\/?page_id=3"},"modified":"2024-09-30T13:50:11","modified_gmt":"2024-09-30T11:50:11","slug":"polityka-prywatnosci","status":"publish","type":"page","link":"https:\/\/atrakcyjnyfacet.pl\/podejdz-do-niej\/polityka-prywatnosci\/","title":{"rendered":"Polityka prywatno\u015bci"},"content":{"rendered":"<p style=\"text-align: center;\"><b>\u00a7 1<br \/>\n<\/b><b>POSTANOWIENIA OG\u00d3LNE<\/b><\/p>\n<ol>\n<li><span style=\"font-weight: 400;\">Administratorem danych osobowych zbieranych za po\u015brednictwem Sklepu internetowego www.atrakcyjnyfacet.pl jest firma CFSA58 SP\u00d3\u0141KA Z OGRANICZON\u0104 ODPOWIEDZIALNO\u015aCI\u0104 <\/span><span style=\"font-weight: 400;\">wpisana do Centralnej Ewidencji i Informacji o Dzia\u0142alno\u015bci Gospodarczej Rzeczypospolitej Polskiej prowadzonej przez ministra w\u0142a\u015bciwego do spraw gospodarki, miejsce wykonywania dzia\u0142alno\u015bci oraz adres do dor\u0119cze\u0144: ul. Nowosielska 46\/32, 15-617 Bia\u0142ystok, NIP: 5423396278, REGON: 385653844, adres poczty elektronicznej (e-mail): kontakt@atrakcyjnyfacet.pl zwana <\/span><span style=\"font-weight: 400;\">dalej \u201eAdministratorem&#8221; i b\u0119d\u0105ca jednocze\u015bnie \u201eUs\u0142ugodawc\u0105\u201d.<\/span><\/li>\n<li style=\"font-weight: 400;\" aria-level=\"1\"><span style=\"font-weight: 400;\">Dane osobowe zbierane przez Administratora za po\u015brednictwem strony internetowej s\u0105 przetwarzane zgodnie z Rozporz\u0105dzeniem Parlamentu Europejskiego i Rady (UE) 2016\/679 z dnia 27 kwietnia 2016 r. w sprawie ochrony os\u00f3b fizycznych w zwi\u0105zku z przetwarzaniem danych osobowych i w sprawie swobodnego przep\u0142ywu takich danych oraz uchylenia dyrektywy 95\/46\/WE (og\u00f3lne rozporz\u0105dzenie o ochronie danych), zwane dalej <\/span><b>RODO.<\/b><\/li>\n<li style=\"font-weight: 400;\" aria-level=\"1\"><span style=\"font-weight: 400;\">Wszelkie wyrazy lub wyra\u017cenia pisane w tre\u015bci niniejszej Polityki Prywatno\u015bci z du\u017cej litery nale\u017cy rozumie\u0107 zgodnie z ich definicj\u0105 zawart\u0105 w Regulaminie Sklepu internetowego www.podejdz.pl.<\/span><\/li>\n<\/ol>\n<p style=\"text-align: center;\"><b>\u00a7 2<br \/>\nRODZAJ PRZETWARZANYCH DANYCH OSOBOWYCH, CEL I ZAKRES ZBIERANIA DANYCH<\/b><\/p>\n<ol>\n<li style=\"font-weight: 400;\" aria-level=\"1\"><b>CEL PRZETWARZANIA I PODSTAWA PRAWNA.<\/b><span style=\"font-weight: 400;\"> Administrator przetwarza dane osobowe Us\u0142ugobiorc\u00f3w Sklepu www.podejdz.pl w przypadku:<br \/>\n<\/span><span style=\"font-weight: 400;\">a) sk\u0142adania zam\u00f3wienia w Sklepie, w celu wykonania umowy sprzeda\u017cy, na podstawie art. 6 ust. 1 lit. b RODO (realizacja umowy sprzeda\u017cy),<br \/>\n<\/span><span style=\"font-weight: 400;\">b) skorzystania z Formularza Kontaktowego, w celu wys\u0142ania wiadomo\u015bci do Administratora, na podstawie art. 6 ust. 1 lit. f) RODO (prawnie uzasadniony interes przedsi\u0119biorcy).<\/span><\/li>\n<li style=\"font-weight: 400;\" aria-level=\"1\"><b>RODZAJ PRZETWARZANYCH DANYCH OSOBOWYCH.<\/b><span style=\"font-weight: 400;\"> Us\u0142ugobiorca podaje, w przypadku:<br \/>\n<\/span><b>a) Zam\u00f3wienia<\/b><span style=\"font-weight: 400;\">: imi\u0119 i nazwisko, adres, NIP, adres e-mail, numer telefonu.<br \/>\n<\/span><b>b) Formularza Kontaktowego<\/b><span style=\"font-weight: 400;\">: imi\u0119, adres mailowy.<\/span><\/li>\n<li style=\"font-weight: 400;\" aria-level=\"1\"><b>OKRES ARCHIWIZACJI DANYCH OSOBOWYCH.<\/b><span style=\"font-weight: 400;\"> Dane osobowe Us\u0142ugobiorc\u00f3w przechowywane s\u0105 przez Administratora:<br \/>\na) <\/span><span style=\"font-weight: 400;\">w przypadku, gdy podstaw\u0105 przetwarzania danych jest wykonanie umowy, tak d\u0142ugo, jak jest to niezb\u0119dne do wykonania umowy, a po tym czasie przez okres odpowiadaj\u0105cy okresowi przedawnienia roszcze\u0144. Je\u017celi przepis szczeg\u00f3lny nie stanowi inaczej, termin przedawnienia wynosi lat sze\u015b\u0107, a dla roszcze\u0144 o \u015bwiadczenia okresowe oraz roszcze\u0144 zwi\u0105zanych z prowadzeniem dzia\u0142alno\u015bci gospodarczej \u2013 trzy lata.<br \/>\n<\/span><span style=\"font-weight: 400;\">b) w przypadku, gdy podstaw\u0105 przetwarzania danych jest zgoda, tak d\u0142ugo, a\u017c zgoda nie zostanie odwo\u0142ana, a po odwo\u0142aniu zgody przez okres czasu odpowiadaj\u0105cy okresowi przedawnienia roszcze\u0144 jakie mo\u017ce podnosi\u0107 Administrator i jakie mog\u0105 by\u0107 podnoszone wobec niego. Je\u017celi przepis szczeg\u00f3lny nie stanowi inaczej, termin przedawnienia wynosi lat sze\u015b\u0107, a dla roszcze\u0144 o \u015bwiadczenia okresowe oraz roszcze\u0144 zwi\u0105zanych z prowadzeniem dzia\u0142alno\u015bci gospodarczej \u2013 trzy lata.<\/span><\/li>\n<li style=\"font-weight: 400;\" aria-level=\"1\"><span style=\"font-weight: 400;\">Podczas korzystania ze Sklepu mog\u0105 by\u0107 pobierane dodatkowe informacje, w szczeg\u00f3lno\u015bci: adres IP przypisany do komputera Us\u0142ugobiorcy lub zewn\u0119trzny adres IP dostawcy Internetu, nazwa domeny, rodzaj przegl\u0105darki, czas dost\u0119pu, typ systemu operacyjnego.<\/span><\/li>\n<li style=\"font-weight: 400;\" aria-level=\"1\"><span style=\"font-weight: 400;\">Po wyra\u017ceniu odr\u0119bnej zgody, na podstawie art. 6 ust. 1 lit. a) RODO dane mog\u0105 by\u0107 przetwarzane r\u00f3wnie\u017c w celu przesy\u0142ania informacji handlowych drog\u0105 elektroniczn\u0105 lub wykonywania telefonicznych po\u0142\u0105cze\u0144 w celu marketingu bezpo\u015bredniego \u2013 odpowiednio w zwi\u0105zku z art. 10 ust. 2 Ustawy z dnia 18 lipca 2002 roku o \u015bwiadczeniu us\u0142ug drog\u0105 elektroniczn\u0105 lub art. 172 ust. 1 Ustawy z dnia 16 lipca 2004 roku \u2013 Prawo Telekomunikacyjne, w tym kierowanych w wyniku profilowania, o ile Us\u0142ugobiorca wyrazi\u0142 stosown\u0105 zgod\u0119.<\/span><\/li>\n<li style=\"font-weight: 400;\" aria-level=\"1\"><span style=\"font-weight: 400;\">Od Us\u0142ugobiorc\u00f3w mog\u0105 by\u0107 tak\u017ce gromadzone dane nawigacyjne, w tym informacje o linkach i odno\u015bnikach, w kt\u00f3re zdecyduj\u0105 si\u0119 klikn\u0105\u0107 lub innych czynno\u015bciach, podejmowanych w Sklepie. Podstaw\u0105 prawn\u0105 tego rodzaju czynno\u015bci jest prawnie uzasadniony interes Administratora (art. 6 ust. 1 lit. f RODO), polegaj\u0105cy na u\u0142atwieniu korzystania z us\u0142ug \u015bwiadczonych drog\u0105 elektroniczn\u0105 oraz na poprawie funkcjonalno\u015bci tych us\u0142ug.<\/span><\/li>\n<li style=\"font-weight: 400;\" aria-level=\"1\"><span style=\"font-weight: 400;\">Podanie danych osobowych przez Us\u0142ugobiorc\u0119 jest dobrowolne.<\/span><\/li>\n<li style=\"font-weight: 400;\" aria-level=\"1\"><span style=\"font-weight: 400;\">Administrator dok\u0142ada szczeg\u00f3lnej staranno\u015bci w celu ochrony interes\u00f3w os\u00f3b, kt\u00f3rych dane dotycz\u0105, a w szczeg\u00f3lno\u015bci zapewnia, \u017ce zbierane przez niego dane s\u0105:<\/span><\/li>\n<\/ol>\n<ol>\n<li style=\"font-weight: 400;\" aria-level=\"2\"><span style=\"font-weight: 400;\">przetwarzane zgodnie z prawem, <\/span><\/li>\n<li style=\"font-weight: 400;\" aria-level=\"2\"><span style=\"font-weight: 400;\">zbierane dla oznaczonych, zgodnych z prawem cel\u00f3w i niepoddawane dalszemu przetwarzaniu niezgodnemu z tymi celami,<\/span><\/li>\n<li style=\"font-weight: 400;\" aria-level=\"2\"><span style=\"font-weight: 400;\">merytorycznie poprawne i adekwatne w stosunku do cel\u00f3w, w jakich s\u0105 przetwarzane oraz przechowywane w postaci umo\u017cliwiaj\u0105cej identyfikacj\u0119 os\u00f3b, kt\u00f3rych dotycz\u0105, nie d\u0142u\u017cej ni\u017c jest to niezb\u0119dne do osi\u0105gni\u0119cia celu przetwarzania.<\/span><\/li>\n<\/ol>\n<p style=\"text-align: center;\"><b>\u00a7 3<br \/>\nUDOST\u0118PNIENIE DANYCH OSOBOWYCH<\/b><\/p>\n<ol>\n<li style=\"font-weight: 400;\" aria-level=\"1\"><span style=\"font-weight: 400;\">Dane osobowe Us\u0142ugobiorc\u00f3w przekazywane s\u0105 dostawcom us\u0142ug, z kt\u00f3rych korzysta Administrator przy prowadzeniu Sklepu, a w szczeg\u00f3lno\u015bci do:<\/span>\n<ol>\n<li style=\"font-weight: 400;\" aria-level=\"2\"><span style=\"font-weight: 400;\">dostawc\u00f3w system\u00f3w p\u0142atno\u015bci,<\/span><\/li>\n<li style=\"font-weight: 400;\" aria-level=\"2\"><span style=\"font-weight: 400;\">biura ksi\u0119gowego,<\/span><\/li>\n<li style=\"font-weight: 400;\" aria-level=\"2\"><span style=\"font-weight: 400;\">hostingodawcy,<\/span><\/li>\n<li style=\"font-weight: 400;\" aria-level=\"2\"><span style=\"font-weight: 400;\">dostawcy oprogramowania umo\u017cliwiaj\u0105cego prowadzenie dzia\u0142alno\u015bci,<\/span><\/li>\n<li style=\"font-weight: 400;\" aria-level=\"2\"><span style=\"font-weight: 400;\">podmiot\u00f3w zapewniaj\u0105cych system mailingowy,<\/span><\/li>\n<li style=\"font-weight: 400;\" aria-level=\"2\"><span style=\"font-weight: 400;\">dostawcy oprogramowania potrzebnego do prowadzenia sklepu internetowego.<\/span><\/li>\n<\/ol>\n<\/li>\n<li style=\"font-weight: 400;\" aria-level=\"1\"><span style=\"font-weight: 400;\">Dostawcy us\u0142ug, o kt\u00f3rych mowa w pkt 1 niniejszego paragrafu, kt\u00f3rym przekazywane s\u0105 dane osobowe, w zale\u017cno\u015bci od uzgodnie\u0144 umownych i okoliczno\u015bci, albo podlegaj\u0105 poleceniom Administratora co do cel\u00f3w i sposob\u00f3w przetwarzania tych danych (podmioty przetwarzaj\u0105ce) albo samodzielnie okre\u015blaj\u0105 cele i sposoby ich przetwarzania (administratorzy).<\/span><\/li>\n<li style=\"font-weight: 400;\" aria-level=\"1\"><span style=\"font-weight: 400;\">Dane osobowe Us\u0142ugobiorc\u00f3w s\u0105 przechowywane wy\u0142\u0105cznie na terenie Europejskiego Obszaru Gospodarczego (EOG), z zastrze\u017ceniem \u00a75 pkt 5 oraz \u00a76 Polityki Prywatno\u015bci.<\/span><\/li>\n<\/ol>\n<p style=\"text-align: center;\"><b>\u00a7 4<br \/>\nPRAWO KONTROLI, DOST\u0118PU DO TRE\u015aCI W\u0141ASNYCH DANYCH ORAZ ICH POPRAWIANIA<\/b><\/p>\n<ol>\n<li style=\"font-weight: 400;\" aria-level=\"1\"><span style=\"font-weight: 400;\">Osoba, kt\u00f3rej dane dotycz\u0105, ma prawo dost\u0119pu do tre\u015bci swoich danych osobowych oraz prawo ich sprostowania, usuni\u0119cia, ograniczenia przetwarzania, prawo do przenoszenia danych, prawo wniesienia sprzeciwu, prawo do cofni\u0119cia zgody w dowolnym momencie bez wp\u0142ywu na zgodno\u015b\u0107 z prawem przetwarzania, kt\u00f3rego dokonano na podstawie zgody przed jej cofni\u0119ciem.<\/span><\/li>\n<li style=\"font-weight: 400;\" aria-level=\"1\"><span style=\"font-weight: 400;\">Podstawy prawne \u017c\u0105dania Us\u0142ugobiorcy:<br \/>\n<\/span><b>a) Dost\u0119p do danych<\/b><span style=\"font-weight: 400;\"> \u2013 art. 15 RODO.<br \/>\n<\/span><b>b) Sprostowanie danych<\/b><span style=\"font-weight: 400;\"> \u2013 art. 16 RODO.<br \/>\n<\/span><b>c) Usuni\u0119cie danych (tzw. prawo do bycia zapomnianym) <\/b><span style=\"font-weight: 400;\">\u2013 art. 17 RODO.<br \/>\n<\/span><b>d) Ograniczenie przetwarzania<\/b><span style=\"font-weight: 400;\"> \u2013 art. 18 RODO.<br \/>\n<\/span><b>e) Przeniesienie danych <\/b><span style=\"font-weight: 400;\">\u2013 art. 20 RODO.<br \/>\n<\/span><b>f) Sprzeciw <\/b><span style=\"font-weight: 400;\">\u2013 art. 21 RODO<br \/>\n<\/span><b>g) Cofni\u0119cie zgody <\/b><span style=\"font-weight: 400;\">\u2013 art. 7 ust. 3 RODO.<\/span><\/li>\n<li style=\"font-weight: 400;\" aria-level=\"1\"><span style=\"font-weight: 400;\">W celu realizacji uprawnie\u0144, o kt\u00f3rych mowa w pkt 2 mo\u017cna wys\u0142a\u0107 stosown\u0105 wiadomo\u015b\u0107 e-mail na adres: <\/span><b>kontakt@atrakcyjnyfacet.pl<\/b><\/li>\n<li style=\"font-weight: 400;\" aria-level=\"1\"><span style=\"font-weight: 400;\">W sytuacji wyst\u0105pienia przez Us\u0142ugobiorc\u0119 z uprawnieniem wynikaj\u0105cym z powy\u017cszych praw, Administrator spe\u0142nia \u017c\u0105danie albo odmawia jego spe\u0142nienia niezw\u0142ocznie, nie p\u00f3\u017aniej jednak ni\u017c w ci\u0105gu miesi\u0105ca po jego otrzymaniu. Je\u017celi jednak \u2013 z uwagi na skomplikowany charakter \u017c\u0105dania lub liczb\u0119 \u017c\u0105da\u0144 \u2013 Administrator nie b\u0119dzie m\u00f3g\u0142 spe\u0142ni\u0107 \u017c\u0105dania w ci\u0105gu miesi\u0105ca, spe\u0142ni je w ci\u0105gu kolejnych dw\u00f3ch miesi\u0119cy informuj\u0105c Us\u0142ugobiorc\u0119 uprzednio w terminie miesi\u0105ca od otrzymania \u017c\u0105dania \u2013 o zamierzonym przed\u0142u\u017ceniu terminu oraz jego przyczynach.<\/span><\/li>\n<li style=\"font-weight: 400;\" aria-level=\"1\"><span style=\"font-weight: 400;\">W przypadku stwierdzenia, \u017ce przetwarzanie danych osobowych narusza przepisy RODO, osoba, kt\u00f3rej dane dotycz\u0105, ma prawo wnie\u015b\u0107 skarg\u0119 do Prezesa Urz\u0119du Ochrony Danych Osobowych.<\/span><\/li>\n<\/ol>\n<p style=\"text-align: center;\"><b>\u00a7 5<br \/>\nPLIKI \u201eCOOKIES\u201d<\/b><\/p>\n<ol>\n<li><span style=\"font-weight: 400;\">Strona Administratora u\u017cywa plik\u00f3w \u201e<\/span><i><span style=\"font-weight: 400;\">cookies\u201d<\/span><\/i><span style=\"font-weight: 400;\">.<\/span><\/li>\n<li><span style=\"font-weight: 400;\">Instalacja plik\u00f3w \u201e<\/span><i><span style=\"font-weight: 400;\">cookies<\/span><\/i><span style=\"font-weight: 400;\">\u201d jest konieczna do prawid\u0142owego \u015bwiadczenia us\u0142ug na stronie internetowej Sklepu. W plikach \u201e<\/span><i><span style=\"font-weight: 400;\">cookies<\/span><\/i><span style=\"font-weight: 400;\">\u201d znajduj\u0105 si\u0119 informacje niezb\u0119dne do prawid\u0142owego funkcjonowania strony, a tak\u017ce daj\u0105 one tak\u017ce mo\u017cliwo\u015b\u0107 opracowywania og\u00f3lnych statystyk odwiedzin strony internetowej.<\/span><\/li>\n<li><span style=\"font-weight: 400;\">W ramach strony stosowane s\u0105 dwa rodzaje plik\u00f3w \u201e<\/span><i><span style=\"font-weight: 400;\">cookies<\/span><\/i><span style=\"font-weight: 400;\">\u201d: \u201esesyjne\u201d oraz \u201esta\u0142e\u201d.<\/span><\/li>\n<li><span style=\"font-weight: 400;\">\u201e<\/span><i><span style=\"font-weight: 400;\">Cookies<\/span><\/i><span style=\"font-weight: 400;\">\u201d \u201esesyjne\u201d s\u0105 plikami tymczasowymi, kt\u00f3re przechowywane s\u0105 w urz\u0105dzeniu ko\u0144cowym Us\u0142ugobiorcy do czasu wylogowania (opuszczenia strony). <\/span><\/li>\n<li><span style=\"font-weight: 400;\">\u201eSta\u0142e\u201d pliki \u201e<\/span><i><span style=\"font-weight: 400;\">cookies<\/span><\/i><span style=\"font-weight: 400;\">\u201d przechowywane s\u0105 w urz\u0105dzeniu ko\u0144cowym Us\u0142ugobiorcy przez czas okre\u015blony w parametrach plik\u00f3w \u201e<\/span><i><span style=\"font-weight: 400;\">cookies<\/span><\/i><span style=\"font-weight: 400;\">\u201d lub do czasu ich usuni\u0119cia przez Us\u0142ugobiorc\u0119.<\/span><\/li>\n<li><span style=\"font-weight: 400;\">Administrator wykorzystuje w\u0142asne pliki cookies w celu lepszego poznania sposobu interakcji Us\u0142ugobiorc\u00f3w w zakresie zawarto\u015bci strony. Pliki gromadz\u0105 informacje o sposobie korzystania ze strony internetowej przez Us\u0142ugobiorc\u0119, typie strony, z jakiej Us\u0142ugobiorca zosta\u0142 przekierowany oraz liczbie odwiedzin i czasie wizyty Us\u0142ugobiorcy na stronie internetowej. Informacje te nie rejestruj\u0105 konkretnych danych osobowych Us\u0142ugobiorcy, lecz s\u0142u\u017c\u0105 do opracowania statystyk korzystania ze strony.<\/span><\/li>\n<li><span style=\"font-weight: 400;\">Administrator wykorzystuje zewn\u0119trzne pliki cookies<\/span> <span style=\"font-weight: 400;\">w celu zbierania og\u00f3lnych i anonimowych danych statycznych za po\u015brednictwem narz\u0119dzi analitycznych Google Analytics (administrator cookies zewn\u0119trznego: Google Inc. z siedzib\u0105 w USA).<\/span><\/li>\n<li><span style=\"font-weight: 400;\">Us\u0142ugobiorca ma prawo zadecydowania w zakresie dost\u0119pu plik\u00f3w \u201e<\/span><i><span style=\"font-weight: 400;\">cookies<\/span><\/i><span style=\"font-weight: 400;\">\u201d do swojego komputera poprzez ich uprzedni wyb\u00f3r w oknie swojej przegl\u0105darki. <\/span><span style=\"font-weight: 400;\"> Szczeg\u00f3\u0142owe informacje o mo\u017cliwo\u015bci i sposobach obs\u0142ugi plik\u00f3w <\/span><span style=\"font-weight: 400;\">\u201e<\/span><i><span style=\"font-weight: 400;\">cookies<\/span><\/i><span style=\"font-weight: 400;\">\u201d <\/span><span style=\"font-weight: 400;\">dost\u0119pne s\u0105 w ustawieniach oprogramowania (przegl\u0105darki internetowej).<\/span><\/li>\n<\/ol>\n<p style=\"text-align: center;\"><b>\u00a7 6<br \/>\nUS\u0141UGI DODATKOWE ZWI\u0104ZANE Z AKTYWNO\u015aCI\u0104 U\u017bYTKOWNIKA W SKLEPIE<\/b><\/p>\n<ol>\n<li style=\"font-weight: 400;\" aria-level=\"1\"><span style=\"font-weight: 400;\">W Sklepie wykorzystywane s\u0105 tzw. wtyczki spo\u0142eczno\u015bciowe (\u201ewtyczki\u201c) serwis\u00f3w spo\u0142eczno\u015bciowych. Wy\u015bwietlaj\u0105c stron\u0119 internetow\u0105 www.podejdz.pl, zawieraj\u0105c\u0105 tak\u0105 wtyczk\u0119, przegl\u0105darka Us\u0142ugobiorcy nawi\u0105\u017ce bezpo\u015brednie po\u0142\u0105czenie z serwerami Google, Facebook oraz YouTube.<\/span><\/li>\n<li style=\"font-weight: 400;\" aria-level=\"1\"><span style=\"font-weight: 400;\">Zawarto\u015b\u0107 wtyczki jest przekazywana przez danego us\u0142ugodawc\u0119 bezpo\u015brednio do przegl\u0105darki Us\u0142ugobiorcy i integrowana ze stron\u0105. Dzi\u0119ki tej integracji, us\u0142ugodawcy otrzymuj\u0105 informacj\u0119, \u017ce przegl\u0105darka Us\u0142ugobiorcy wy\u015bwietli\u0142a stron\u0119 www.podejdz.pl, nawet je\u015bli Us\u0142ugobiorca nie posiada profilu u danego us\u0142ugodawcy, czy nie jest u niego akurat zalogowany. Taka informacja (wraz z adresem IP Us\u0142ugobiorcy) jest przesy\u0142ana przez przegl\u0105dark\u0119 bezpo\u015brednio do serwera danego us\u0142ugodawcy (niekt\u00f3re serwery znajduj\u0105 si\u0119 w USA) i tam przechowywana. <\/span><\/li>\n<li style=\"font-weight: 400;\" aria-level=\"1\"><span style=\"font-weight: 400;\">Je\u015bli Us\u0142ugobiorca zaloguje si\u0119 do powy\u017cszego serwisu spo\u0142eczno\u015bciowego, to us\u0142ugodawca ten b\u0119dzie m\u00f3g\u0142 bezpo\u015brednio przyporz\u0105dkowa\u0107 wizyt\u0119 na stronie www.podejdz.pl do profilu Us\u0142ugobiorcy w danym serwisie spo\u0142eczno\u015bciowym. <\/span><\/li>\n<li style=\"font-weight: 400;\" aria-level=\"1\"><span style=\"font-weight: 400;\">Je\u015bli Us\u0142ugobiorca u\u017cyje danej wtyczki, np. klikaj\u0105c na przycisk \u201eLubi\u0119 to\u201d lub przycisk \u201eUdost\u0119pnij\u201d, to odpowiednia informacja zostanie r\u00f3wnie\u017c przes\u0142ana bezpo\u015brednio na serwer danego us\u0142ugodawcy i tam zachowana. <\/span><\/li>\n<li style=\"font-weight: 400;\" aria-level=\"1\"><span style=\"font-weight: 400;\">Cel i zakres gromadzenia danych oraz ich dalszego przetwarzania i wykorzystania przez us\u0142ugodawc\u0119 jak r\u00f3wnie\u017c mo\u017cliwo\u015b\u0107 kontaktu oraz prawa Us\u0142ugobiorcy w tym zakresie i mo\u017cliwo\u015b\u0107 dokonania ustawie\u0144 zapewniaj\u0105cych ochron\u0119 prywatno\u015bci Us\u0142ugobiorcy zosta\u0142y opisane w polityce prywatno\u015bci us\u0142ugodawc\u00f3w:<\/span>\n<ol>\n<li style=\"font-weight: 400;\" aria-level=\"2\"><a href=\"https:\/\/policies.google.com\/privacy?hl=pl&amp;gl=ZZ\"><i><span style=\"font-weight: 400;\">https:\/\/policies.google.com\/privacy?hl=pl&amp;gl=ZZ<\/span><\/i><\/a><i><span style=\"font-weight: 400;\">. <\/span><\/i><\/li>\n<li style=\"font-weight: 400;\" aria-level=\"2\"><a href=\"https:\/\/www.facebook.com\/policy.php\"><i><span style=\"font-weight: 400;\">https:\/\/www.facebook.com\/policy.php<\/span><\/i><\/a><span style=\"font-weight: 400;\">.<\/span><\/li>\n<\/ol>\n<\/li>\n<li style=\"font-weight: 400;\" aria-level=\"1\"><span style=\"font-weight: 400;\">Je\u015bli Us\u0142ugobiorca nie chce, aby serwisy spo\u0142eczno\u015bciowe przyporz\u0105dkowywa\u0142y dane zebrane w trakcie odwiedzin na stronie www.podejdz.pl bezpo\u015brednio jego profilowi w danym serwisie, to przed wizyt\u0105 na stronie www.podejdz.pl musi wylogowa\u0107 si\u0119 z tego serwisu. Us\u0142ugobiorca mo\u017ce r\u00f3wnie\u017c ca\u0142kowicie uniemo\u017cliwi\u0107 za\u0142adowanie na stronie wtyczek stosuj\u0105c odpowiednie rozszerzenia dla przegl\u0105darki, np. blokowanie skrypt\u00f3w za pomoc\u0105 \u201eNoScript\u201c.<\/span><\/li>\n<li style=\"font-weight: 400;\" aria-level=\"1\"><span style=\"font-weight: 400;\">Administrator wykorzystuje na swojej stronie narz\u0119dzia remarketingowe tj. Google Ads, wi\u0105\u017ce si\u0119 to z wykorzystywaniem plik\u00f3w cookies firmy Google LLC dotycz\u0105cych us\u0142ugi Google Ads. W ramach mechanizmu do zarz\u0105dzania ustawieniami plik\u00f3w cookies Us\u0142ugobiorca ma mo\u017cliwo\u015b\u0107 zdecydowania, czy Us\u0142ugodawca b\u0119dzie m\u00f3g\u0142 korzysta\u0107 z Google Ads (administrator cookies zewn\u0119trznego: Google Inc. z siedzib\u0105 w USA) w stosunku do niego.<\/span><\/li>\n<\/ol>\n<p style=\"text-align: center;\"><b>\u00a7 7<br \/>\nPOSTANOWIENIA KO\u0143COWE<\/b><\/p>\n<ol>\n<li style=\"font-weight: 400;\" aria-level=\"1\"><span style=\"font-weight: 400;\">Administrator stosuje \u015brodki techniczne i organizacyjne zapewniaj\u0105ce ochron\u0119 przetwarzanych danych osobowych odpowiedni\u0105 do zagro\u017ce\u0144 oraz kategorii danych obj\u0119tych ochron\u0105, a w szczeg\u00f3lno\u015bci zabezpiecza dane przed ich udost\u0119pnieniem osobom nieupowa\u017cnionym, zabraniem przez osob\u0119 nieuprawnion\u0105, przetwarzaniem z naruszeniem obowi\u0105zuj\u0105cych przepis\u00f3w oraz zmian\u0105, utrat\u0105, uszkodzeniem lub zniszczeniem.<\/span><\/li>\n<li style=\"font-weight: 400;\" aria-level=\"1\"><span style=\"font-weight: 400;\">Administrator udost\u0119pnia odpowiednie \u015brodki techniczne zapobiegaj\u0105ce pozyskiwaniu i modyfikowaniu przez osoby nieuprawnione, danych osobowych przesy\u0142anych drog\u0105 elektroniczn\u0105.<\/span><\/li>\n<li style=\"font-weight: 400;\" aria-level=\"1\"><span style=\"font-weight: 400;\">W sprawach nieuregulowanych niniejsz\u0105 Polityk\u0105 prywatno\u015bci stosuje si\u0119 odpowiednio przepisy RODO oraz inne w\u0142a\u015bciwe przepisy prawa polskiego.<\/span><\/li>\n<\/ol>\n","protected":false},"excerpt":{"rendered":"<p>\u00a7 1 POSTANOWIENIA OG\u00d3LNE Administratorem danych osobowych zbieranych za po\u015brednictwem Sklepu internetowego www.atrakcyjnyfacet.pl jest firma CFSA58 SP\u00d3\u0141KA Z OGRANICZON\u0104 ODPOWIEDZIALNO\u015aCI\u0104 wpisana do Centralnej Ewidencji i Informacji o Dzia\u0142alno\u015bci Gospodarczej Rzeczypospolitej Polskiej prowadzonej przez ministra w\u0142a\u015bciwego do spraw gospodarki, miejsce wykonywania dzia\u0142alno\u015bci oraz adres do dor\u0119cze\u0144: ul. Nowosielska 46\/32, 15-617 Bia\u0142ystok, NIP: 5423396278, REGON: 385653844, adres [&hellip;]<\/p>\n","protected":false},"author":1,"featured_media":0,"parent":0,"menu_order":0,"comment_status":"closed","ping_status":"closed","template":"","meta":{"footnotes":""},"class_list":["post-3","page","type-page","status-publish","hentry"],"_links":{"self":[{"href":"https:\/\/atrakcyjnyfacet.pl\/podejdz-do-niej\/wp-json\/wp\/v2\/pages\/3","targetHints":{"allow":["GET"]}}],"collection":[{"href":"https:\/\/atrakcyjnyfacet.pl\/podejdz-do-niej\/wp-json\/wp\/v2\/pages"}],"about":[{"href":"https:\/\/atrakcyjnyfacet.pl\/podejdz-do-niej\/wp-json\/wp\/v2\/types\/page"}],"author":[{"embeddable":true,"href":"https:\/\/atrakcyjnyfacet.pl\/podejdz-do-niej\/wp-json\/wp\/v2\/users\/1"}],"replies":[{"embeddable":true,"href":"https:\/\/atrakcyjnyfacet.pl\/podejdz-do-niej\/wp-json\/wp\/v2\/comments?post=3"}],"version-history":[{"count":10,"href":"https:\/\/atrakcyjnyfacet.pl\/podejdz-do-niej\/wp-json\/wp\/v2\/pages\/3\/revisions"}],"predecessor-version":[{"id":348,"href":"https:\/\/atrakcyjnyfacet.pl\/podejdz-do-niej\/wp-json\/wp\/v2\/pages\/3\/revisions\/348"}],"wp:attachment":[{"href":"https:\/\/atrakcyjnyfacet.pl\/podejdz-do-niej\/wp-json\/wp\/v2\/media?parent=3"}],"curies":[{"name":"wp","href":"https:\/\/api.w.org\/{rel}","templated":true}]}}